 of 7373760.
2, 3, 5, 7681
List the prime factors of 334466.
2, 11, 23, 661
List the prime factors of 4485975.
3, 5, 13, 43, 107
What are the prime factors of 467661?
3, 155887
List the prime factors of 16726635.
3, 5, 23, 5387
What are the prime factors of 64199?
43, 1493
What are the prime factors of 19230208?
2, 23, 71
List the prime factors of 57989.
103, 563
List the prime factors of 2670552.
2, 3, 29, 1279
List the prime factors of 116768.
2, 41, 89
What are the prime factors of 170184?
2, 3, 7, 1013
List the prime factors of 7006522.
2, 3503261
What are the prime factors of 204610?
2, 5, 7, 37, 79
List the prime factors of 851724.
2, 3, 59, 401
List the prime factors of 7310059.
29, 83, 3037
What are the prime factors of 154619?
154619
What are the prime factors of 30680322?
2, 3, 53, 96479
What are the prime factors of 7809572?
2, 89, 21937
List the prime factors of 5668533.
3, 13, 48449
What are the prime factors of 865247?
865247
List the prime factors of 76814.
2, 193, 199
List the prime factors of 1405391.
13, 108107
List the prime factors of 24911153.
293, 85021
List the prime factors of 99732.
2, 3, 8311
What are the prime factors of 973449?
3, 108161
What are the prime factors of 170742?
2, 3, 11, 13, 199
What are the prime factors of 4637495?
5, 491, 1889
List the prime factors of 1230889.
11, 149, 751
List the prime factors of 546157.
29, 37, 509
What are the prime factors of 301195?
5, 59, 1021
What are the prime factors of 14402?
2, 19, 379
List the prime factors of 659431.
29, 22739
What are the prime factors of 2310276?
2, 3, 79, 2437
List the prime factors of 140862.
2, 3, 17, 1381
List the prime factors of 128183.
11, 43, 271
List the prime factors of 7599697.
7, 17, 63863
List the prime factors of 1919168.
2, 157, 191
List the prime factors of 2678432.
2, 83701
List the prime factors of 1010855.
5, 41, 4931
What are the prime factors of 4160687?
37, 139, 809
What are the prime factors of 8716190?
2, 5, 7, 41, 3037
What are the prime factors of 9682653?
3, 3227551
What are the prime factors of 33823123?
2437, 13879
List the prime factors of 8654280.
2, 3, 5, 41, 1759
List the prime factors of 197060.
2, 5, 59, 167
List the prime factors of 268213.
11, 37, 659
What are the prime factors of 6941741?
71, 97771
What are the prime factors of 12568?
2, 1571
List the prime factors of 1262648.
2, 157831
What are the prime factors of 21831035?
5, 113, 38639
What are the prime factors of 471681?
3, 7, 7487
List the prime factors of 3683484.
2, 3, 7, 47, 311
List the prime factors of 432117.
3, 7, 19
List the prime factors of 24609823.
7, 3515689
What are the prime factors of 1428654?
2, 3, 238109
What are the prime factors of 1894873?
1894873
List the prime factors of 23241.
3, 61, 127
What are the prime factors of 15167597?
2963, 5119
What are the prime factors of 887528?
2, 19, 5839
What are the prime factors of 12384278?
2, 127, 48757
What are the prime factors of 4819360?
2, 5, 7, 13, 331
List the prime factors of 74061.
3, 13, 211
List the prime factors of 137267.
13, 10559
What are the prime factors of 176163?
3, 13, 4517
List the prime factors of 4701565.
5, 11, 73, 1171
What are the prime factors of 67182?
2, 3, 11197
List the prime factors of 7304604.
2, 3, 191, 3187
What are the prime factors of 7823412?
2, 3, 107, 677
What are the prime factors of 4462290?
2, 3, 5, 7, 787
List the prime factors of 240303.
3, 7, 11443
What are the prime factors of 17542335?
3, 5, 353, 3313
What are the prime factors of 20380347?
3, 13, 373, 467
What are the prime factors of 833707?
7, 119101
List the prime factors of 10589276.
2, 2647319
What are the prime factors of 756318?
2, 3, 233, 541
List the prime factors of 18020429.
7, 59, 43633
What are the prime factors of 1536847?
13, 118219
List the prime factors of 780593.
11, 29, 2447
List the prime factors of 182707.
7, 43, 607
What are the prime factors of 246825?
3, 5, 1097
List the prime factors of 1331858.
2, 11, 60539
What are the prime factors of 6324974?
2, 3162487
What are the prime factors of 1199783?
13, 41, 2251
What are the prime factors of 21079318?
2, 13, 31, 26153
What are the prime factors of 425230?
2, 5, 13, 3271
What are the prime factors of 771328?
2, 23, 131
What are the prime factors of 139727?
7, 19961
What are the prime factors of 1965807?
3, 218423
What are the prime factors of 142343?
137, 1039
What are the prime factors of 3904958?
2, 1952479
What are the prime factors of 1984991?
1984991
What are the prime factors of 5133987?
3, 661, 863
List the prime factors of 2258721.
3, 250969
What are the prime factors of 19420?
2, 5, 971
List the prime factors of 4081457.
139, 29363
List the prime factors of 4692212.
2, 7, 113, 1483
List the prime factors of 318599.
199, 1601
What are the prime factors of 7258525?
5, 199, 1459
List the prime factors of 695794.
2, 11, 31627
List the prime factors of 1318044.
2, 3, 7, 13, 17, 71
What are the prime factors of 6359756?
2, 13, 19, 41, 157
What are the prime factors of 101148?
2, 3, 8429
What are the prime factors of 558489?
3, 186163
What are the prime factors of 123988?
2, 139, 223
List the prime factors of 300767.
167, 1801
List the prime factors of 9337473.
3, 1037497
List the prime factors of 3387715.
5, 677543
What are the prime factors of 911301?
3, 303767
What are the prime factors of 11014741?
683, 16127
List the prime factors of 4478278.
2, 7, 43, 173
What are the prime factors of 321906?
2, 3, 13, 4127
What are the prime factors of 366209?
251, 1459
What are the prime factors of 517349?
7, 73907
What are the prime factors of 791294?
2, 7, 29, 1949
List the prime factors of 6040017.
3, 47, 109, 131
List the prime factors of 308905.
5, 61781
List the prime factors of 13023171.
3, 7, 29531
List the prime factors of 22780028.
2, 23, 247609
What are the prime factors of 302193?
3, 33577
What are the prime factors of 1270634?
2, 635317
List the prime factors of 523792.
2, 19, 1723
List the prime factors of 552952.
2, 69119
What are the prime factors of 732089?
19, 53, 727
What are the prime factors of 156777?
3, 52259
List the prime factors of 316942.
2, 37, 4283
List the prime factors of 14863296.
2, 3, 7, 11059
What are the prime factors of 275716?
2, 7, 43, 229
List the prime factors of 737806.
2, 47, 167
What are the prime factors of 10313149?
7, 11, 151, 887
List the prime factors of 104726.
2, 52363
List the prime factors of 16535.
5, 3307
What are the prime factors of 103837?
103837
List the prime factors of 163467.
3, 41, 443
List the prime factors of 35034.
2, 3, 5839
What are the prime factors of 296010?
2, 3, 5, 11, 13, 23
List the prime factors of 18600298.
2, 9300149
What are the prime factors of 11241108?
2, 3, 312253
List the prime factors of 26451.
3, 2939
What are the prime factors of 1292545?
5, 31, 269
List the prime factors of 799253.
7, 13, 8783
What are the prime factors of 2409743?
7, 344249
List the prime factors of 11416567.
83, 263, 523
What are the prime factors of 1362965?
5, 19, 14347
What are the prime factors of 322275?
3, 5, 4297
List the prime factors of 130904.
2, 16363
List the prime factors of 220842.
2, 3, 12269
List the prime factors of 276485.
5, 11, 457
List the prime factors of 550880.
2, 5, 11, 313
List the prime factors of 590858.
2, 295429
What are the prime factors of 417483?
3, 11, 4217
What are the prime factors of 896760?
2, 3, 5, 47, 53
What are the prime factors of 34410?
2, 3, 5, 31, 37
What are the prime factors of 287468?
2, 71867
What are the prime factors of 16251848?
2, 47, 43223
What are the prime factors of 816699?
3, 13, 43, 487
List the prime factors of 63333.
3, 31, 227
What are the prime factors of 2774815?
5, 37, 53, 283
What are the prime factors of 910659?
3, 303553
List the prime factors of 167608.
2, 7, 41, 73
What are the prime factors of 7841243?
19, 311, 1327
What are the prime factors of 5820402?
2, 3, 7, 138581
What are the prime factors of 5836078?
2, 19, 109, 1409
What are the prime factors of 90929?
79, 1151
List the prime factors of 371482.
2, 281, 661
List the prime factors of 120621.
3, 31, 1297
What are the prime factors of 251316?
2, 3, 13, 179
What are the prime factors of 248885?
5, 7, 13, 547
List the prime factors of 5581337.
5581337
